 and l?
46
Let d = 8 + 2. Suppose -4*h - 11 + 31 = -w, -w = h. What is the highest common factor of d and h?
2
Let d(c) = 2*c - 17. Let b be d(12). Let w be 6615/(-70)*2/(-3). Calculate the greatest common divisor of b and w.
7
Suppose d = -5 - 3. Let c be (-18)/(-8) + 2/d. Let a = 398 + -388. Calculate the highest common divisor of c and a.
2
Let v = 59 + -35. Suppose -27*b + 274 = -158. What is the highest common factor of v and b?
8
Suppose -2*b - 4 = 0, 0 = -4*i + 4*b + b + 10. Suppose -2*g + 3*g - 35 = i. Let h = 208 + -194. Calculate the greatest common factor of h and g.
7
Let t(u) = 5*u**3 + 23*u**2 + 2*u + 5. Let d be t(5). Calculate the highest common factor of 15 and d.
15
Let p(c) = 2*c**2 - 101*c + 153. Let y be p(49). Let t be ((-1)/2)/(1/(-6)). Calculate the highest common divisor of t and y.
3
Suppose -3*g + 35 = -2*g - 3*x, 4*g - 5*x = 161. Suppose 2*m - 3*o - 38 = 0, -4*m - 5*o + 92 = -3*o. What is the greatest common factor of m and g?
22
Let u be (-4 + 96/21)/((-5)/(-245)). What is the highest common factor of u and 350?
14
Let k(c) = -2*c - 1. Let t(j) = -j - 1. Let y(a) = 5*k(a) - 15*t(a). Let d be y(2). What is the greatest common divisor of d and 8?
4
Let s(d) = -d**3 + 5*d**2 + 13*d - 48. Let l be s(4). Calculate the greatest common divisor of 15 and l.
5
Let u = 1212 - 1176. What is the highest common divisor of u and 126?
18
Let v = 166 - 146. What is the highest common factor of 50 and v?
10
Suppose -15*m - 84 = -22*m. Suppose 2 + 7 = 3*t. Suppose 0 = 2*k + c - 13, k - t*c - 3 = -0*k. Calculate the highest common factor of m and k.
6
Suppose 4*z + 0*z - 489 = 5*i, -i + 129 = z. What is the highest common divisor of 18 and z?
18
Suppose 30*r - 838 = 1772. What is the greatest common divisor of r and 667?
29
Let u = 228 - 195. Calculate the highest common divisor of u and 297.
33
Let z be 39/78 - (-2)/4. Calculate the highest common divisor of z and 293.
1
Suppose 8*v - w + 559 = 9*v, 2795 = 5*v - 3*w. What is the highest common divisor of v and 344?
43
Let p = -18 - -11. Let r(y) = -y**3 - 6*y**2 + 6*y - 6. Let z be r(p). Let a = z - -1. Calculate the highest common divisor of 18 and a.
2
Let o = -44 - -45. Let h be 48/(-64)*-2*(o - -23). What is the highest common factor of 48 and h?
12
Suppose -4 = -t + 4*o, -t + 18 = 5*o - 13. Suppose -104 = 5*r - 4. Let f = 28 + r. What is the greatest common divisor of t and f?
8
Let m = 112 + -82. What is the highest common factor of m and 60?
30
Let q(v) = v**3 + 3*v + 4. Let x be q(5). Calculate the greatest common divisor of x and 72.
72
Let k(t) = -1 + 3 + 9*t + 6. Let b be k(3). What is the highest common divisor of b and 7?
7
Suppose 126*z - 1232 = 118*z. What is the greatest common divisor of 126 and z?
14
Suppose -11*l = -13*l + 4. Suppose -l*t + 107 = 5*b - 123, -t + 43 = b. What is the greatest common factor of 16 and b?
16
Let z = -4 + 6. Suppose -z*d - 875 = 3*d. Let a = d + 247. Calculate the highest common divisor of a and 9.
9
Suppose -5*t = 5*p + 1520, 4*t - p + 2*p + 1228 = 0. Let w be -1 - 0 - -468 - -1. Let r = t + w. Calculate the highest common factor of 20 and r.
20
Let f be (-35)/(-105) + 5/3. What is the greatest common divisor of 7 and f?
1
Let p = 8 + -1. Suppose -p = 7*m - 42. Suppose -x - 2*x + 951 = 4*u, 4*u - m*x = 911. Calculate the highest common factor of u and 26.
26
Let b be ((-56)/((-8)/(-2)) - 1)*-3. Suppose i - 7 = -t - t, 3*i + b = 5*t. Calculate the greatest common factor of 66 and t.
6
Suppose 35*v - 444 - 676 = 0. Calculate the greatest common divisor of v and 928.
32
Let g(w) = w**2 + 2*w - 6. Let m be g(8). Suppose 4*r - m - 214 = 0. Let p = r + -44. What is the greatest common factor of 14 and p?
14
Suppose 0 = 7*x - 8992 - 7108. Suppose x - 626 = 6*v. Calculate the greatest common factor of v and 31.
31
Let p be -5 + (-14)/77 + (-2481)/(-33). What is the highest common divisor of 14 and p?
14
Let m(v) = 2*v**2 - 36*v + 28. Let u be m(22). What is the highest common divisor of u and 6?
6
Suppose r = 3*r - 10. Suppose -4*i + i = -18. Suppose 0 = j + 1 - i. What is the greatest common factor of r and j?
5
Suppose -5 = k + 5*x - 2*x, -4*x - 10 = -2*k. Suppose -5*c = -k - 54. Calculate the greatest common factor of c and 11.
11
Let b(y) = -2*y - 30. Let w be b(-13). Let n(q) = 22*q**2 + 3*q + 1. Let d be n(w). Calculate the highest common factor of d and 31.
31
Suppose 0*z - a = z - 53, -2*z - 3*a = -110. What is the highest common factor of 49 and z?
49
Let a = 1 + 10. Suppose 7*l = -330 + 638. What is the greatest common divisor of l and a?
11
Let i = -34 + 38. Suppose 10*m - i*m - 72 = 0. What is the highest common divisor of m and 15?
3
Suppose -4*k = -5*k + 84. Calculate the greatest common factor of k and 56.
28
Let n = 370 - 272. What is the highest common factor of 98 and n?
98
Let z be 1/5 + (-513)/(-225)*35. Let j = 6 - -4. What is the greatest common divisor of j and z?
10
Suppose 4*c - 71 = 217. Let l be -2 + 6/1 + 5. What is the greatest common factor of l and c?
9
Let o(a) = 32*a - 50. Let m be o(10). Calculate the greatest common divisor of m and 12.
6
Let p be (-65)/((1 + 1)*13/(-26)). What is the greatest common factor of 5 and p?
5
Let i(f) = f**3 - 8*f**2 + 2*f - 11. Let x be i(8). Suppose 5*h - 3*s = 183, x*h - 182 = -s + 3*s. What is the highest common divisor of h and 24?
12
Let f(v) = 18*v**2 + 22*v - 120. Let h be f(6). What is the highest common factor of h and 120?
60
Suppose 64 = -2*n + 10*n. Let d = n - -20. What is the greatest common divisor of 56 and d?
28
Let c(m) = 17*m - 22. Suppose -4*b - 3*t = 7, -b - 2*t + 12 = -4*t. Let s be c(b). Calculate the greatest common factor of 12 and s.
12
Suppose 3 = -u + 78. Calculate the greatest common factor of u and 125.
25
Let s(x) = 14*x - 2. Let z be s(1). Let d(v) = -84*v**3 - 5*v**2 - 10*v - 5. Let i be d(-1). Calculate the greatest common factor of i and z.
12
Suppose 4*j = 2*d - 20, -2*d - 3*j + 11 = 3*d. Suppose -r - 33 = -d*r. Let k = 550 - 539. What is the highest common divisor of k and r?
11
Let j(w) = 581*w**2 + 19*w + 18. Let t be j(-1). Calculate the greatest common factor of 87 and t.
29
Suppose 5*k - 16*o = -20*o + 348, -k - 3*o + 74 = 0. Calculate the highest common divisor of k and 17.
17
Let c be 11326/42 - 10/(-30). Let d be 0 + 30 + -2 - -2. What is the greatest common factor of d and c?
30
Suppose 7*n - 2*n + 4693 = 24*n. Suppose -3*h - 20 + 3 = -2*l, -3*l + h + 36 = 0. Calculate the greatest common factor of n and l.
13
Let a = -528 - -608. Calculate the highest common factor of 840 and a.
40
Let h be -270*((-134)/24 - 5/(-20)). Calculate the greatest common divisor of h and 45.
45
Let s be (7 - 7) + 6 - (1 - -1). Calculate the greatest common factor of s and 64.
4
Let s = 200 + -174. What is the highest common divisor of 299 and s?
13
Suppose -14*f = -518 - 14. Calculate the highest common factor of f and 171.
19
Let j be 60/25*(-1 + 6) - 3. Calculate the greatest common factor of j and 225.
9
Suppose -2 + 5 = r, -212 = -5*a + r. Calculate the greatest common factor of 473 and a.
43
Let p = -101 - -110. Calculate the highest common factor of p and 36.
9
Let f be 9/(-6)*(1/(-3) + -1). Suppose 2*t + 102 = 5*k + 32, k + f*t = 2. What is the greatest common factor of 132 and k?
12
Suppose -4*o + 0*o + 236 = 0. Let a = 91 - o. Suppose 4 = f - a. Calculate the highest common factor of 54 and f.
18
Let z be (0 - 1) + 5/1 + -1. Let j be (6/(-7))/((-1)/14). Calculate the greatest common factor of j and z.
3
Let u(w) = w**3 - 7*w**2 - 5*w + 79. Let v be u(0). What is the greatest common divisor of v and 2?
1
Let b(p) = p**3 - 11*p**2 + 11*p - 12. Let m be b(10). Let y be (m + (-1)/(-3))*-120. What is the highest common divisor of 25 and y?
25
Let p be ((-6)/(-8) - 1)*(-191 - -3). Let c = p + -35. What is the greatest common factor of 108 and c?
12
Let z(u) = 7*u + 4. Let m(k) = k - 1. Let l(d) = -6*m(d) + z(d). Let v be l(-8). Let s = -1 + v. What is the highest common divisor of 8 and s?
1
Suppose 4*p + 4 = -4. Let f(t) = -4*t - 3. Let l be f(p). Let o(r) = -r - 20. Let k be o(-35). What is the highest common divisor of l and k?
5
Suppose -3*t - 572 = -4*h, 3*h - t + 221 - 650 = 0. Let o(l) = 2*l**2 + 21*l - 142. Let f be o(5). What is the highest